{"id":9,"date":"2023-12-03T22:08:21","date_gmt":"2023-12-03T22:08:21","guid":{"rendered":"https:\/\/40792693.servicio-online.net\/wordpress\/index.php\/9-2\/"},"modified":"2024-07-10T10:32:28","modified_gmt":"2024-07-10T10:32:28","slug":"9-2","status":"publish","type":"page","link":"https:\/\/aerovistas.es\/index.php\/9-2\/","title":{"rendered":"Servicios"},"content":{"rendered":"\n<h2 class=\"wp-block-heading has-x-large-font-size\"><strong>Nuestros Servicios<\/strong><\/h2>\n\n\n\n<p><\/p>\n\n\n\n<h1 class=\"wp-block-heading\">Nuestros Servicios.<\/h1>\n\n\n\n<p class=\"has-ast-global-color-3-color has-text-color has-link-color wp-elements-c65f1b9be0596bf428c0c9cfa847e7f8\"><strong>Los drones nos ofrecen nuevas e inexploradas perspectivas, pero no cualquiera puede realizar vuelos con un drone, adem\u00e1s de saber d\u00f3nde se puede y donde no se puede dar uso a un drone, ya que se necesita tener una preparaci\u00f3n espec\u00edfica, para poder manejar un drone, y contar con un seguro aeron\u00e1utico, adem\u00e1s de tener una preparaci\u00f3n espec\u00edfica\u00a0para poder tomar\u00a0im\u00e1genes profesionales, para ello se necesita un fot\u00f3grafo\u00a0profesional que con su experiencia ofrezca un valor a\u00f1adido a sus trabajos, es por eso que en Aero Vistas, disponemos de piloto-radiofonista, certificado por la Agencia Espa\u00f1ola de Seguridad A\u00e9rea (AESA), adem\u00e1s de ser fot\u00f3grafo profesional del equipo de\u00a0Foto Estudio Vargas, con m\u00e1s de 40 a\u00f1os de experiencia en el sector.<\/strong><\/p>\n\n\n\n<p class=\"has-ast-global-color-3-color has-text-color has-link-color wp-elements-59ce6ed208bedf59055df8616b6d57b6\">Realizamos fotograf\u00eda y video a\u00e9reo de tu evento, proyecto, anuncio o cualquier otro proyecto que necesite. En Aero Vistas la llevamos a cabo, siempre con la m\u00e1xima seguridad, ya que trabajamos bajo el marco de la legislaci\u00f3n vigente.<\/p>\n\n\n\n<p class=\"has-ast-global-color-3-color has-text-color has-link-color wp-elements-42e69adac6f4725834751d40ad589525\">Tambi\u00e9n usamos gr\u00faa (encareciendo el coste) y realizamos fotograf\u00eda y video desde tierra.&nbsp;<\/p>\n\n\n\n<p class=\"has-ast-global-color-3-color has-text-color has-link-color wp-elements-3e9644c3ea4ce31b31ef137d1ab3205e\"><strong>Eventos<\/strong><\/p>\n\n\n\n<p class=\"has-ast-global-color-3-color has-text-color has-link-color wp-elements-33e86a584c8606d82291d84a944cf9af\"><strong>&nbsp;&nbsp;<\/strong>* Bodas.<\/p>\n\n\n\n<p class=\"has-ast-global-color-3-color has-text-color has-link-color wp-elements-cc8f80bedf67b7e64aea9802d4578beb\">&nbsp; * Eventos de empresa.<\/p>\n\n\n\n<p class=\"has-ast-global-color-3-color has-text-color has-link-color wp-elements-2495fa13088827792bf17ccb897ccbe1\">&nbsp; * Eventos sociales.<\/p>\n\n\n\n<p class=\"has-ast-global-color-3-color has-text-color has-link-color wp-elements-166a1e93db94786a9a26d65a2cec72f4\">&nbsp; * Eventos deportivos<\/p>\n\n\n\n<p class=\"has-ast-global-color-3-color has-text-color has-link-color wp-elements-6dbd18ce2218953efb7bfc418ce89e26\">&nbsp; * Publicidad<\/p>\n\n\n\n<p class=\"has-ast-global-color-3-color has-text-color has-link-color wp-elements-2ef594d6515c59facff5f67b5ea8c0d4\">&nbsp; * Videos promocionales.<\/p>\n\n\n\n<p class=\"has-ast-global-color-3-color has-text-color has-link-color wp-elements-a759201a476555499a1df567a9208090\">&nbsp; * Anuncios<\/p>\n\n\n\n<p class=\"has-ast-global-color-3-color has-text-color has-link-color wp-elements-23d861d9cf4dce41441981eea32a1e24\">&nbsp; * Televisi\u00f3n<\/p>\n\n\n\n<p class=\"has-ast-global-color-3-color has-text-color has-link-color wp-elements-d72547aba8db1e840d3d2cbdeb06b321\">&nbsp; * Cine<\/p>\n\n\n\n<p class=\"has-ast-global-color-3-color has-text-color has-link-color wp-elements-8a033f9e3771c9ffeaf676f33c86eb95\"><strong>Edificios<\/strong><\/p>\n\n\n\n<p class=\"has-ast-global-color-3-color has-text-color has-link-color wp-elements-644863df328a00e473c18271219615d6\"><strong>&nbsp;&nbsp;<\/strong>* Fotograf\u00eda a\u00e9rea de edificios.<\/p>\n\n\n\n<p class=\"has-ast-global-color-3-color has-text-color has-link-color wp-elements-d002ccfec9f8f76fb48d8676b77ab4fa\">&nbsp; * Revisi\u00f3n de cubiertas, tejados y fachadas.<\/p>\n\n\n\n<p class=\"has-ast-global-color-3-color has-text-color has-link-color wp-elements-63c75f2af8e2099c3df573d166b6e3c4\">&nbsp; * Seguimiento a\u00e9reo de obras.<\/p>\n\n\n\n<p class=\"has-ast-global-color-3-color has-text-color has-link-color wp-elements-d994257727583a0af434465d655275b3\"><strong>Empresas<\/strong><\/p>\n\n\n\n<p class=\"has-ast-global-color-3-color has-text-color has-link-color wp-elements-c6a939467975aba92afb364961c993eb\"><strong>&nbsp;<\/strong>&nbsp;* Fotograf\u00eda y video a\u00e9reo de su empresa.<\/p>\n\n\n\n<p class=\"has-ast-global-color-3-color has-text-color has-link-color wp-elements-b199a644d9ea956a76d153b248f56580\">&nbsp; * Conteo de \u00e1rboles.<\/p>\n\n\n\n<p class=\"has-ast-global-color-3-color has-text-color has-link-color wp-elements-5c4741351db2933caad08a2b78eed491\">&nbsp; * Control de cultivos.<\/p>\n\n\n\n<p class=\"has-ast-global-color-3-color has-text-color has-link-color wp-elements-60d8b97523f64f30dc126f5e1f8517c0\">&nbsp; * Revisi\u00f3n de l\u00edneas el\u00e9ctricas.<\/p>\n\n\n\n<p class=\"has-ast-global-color-3-color has-text-color has-link-color wp-elements-4a6bbf4ba403ed7835bed796610e0290\">    Pida presupuesto sin compromiso\u00a0<a href=\"https:\/\/aerovistas.es\/Presupuesto\/\">aqui.<\/a><\/p>\n","protected":false},"excerpt":{"rendered":"<p>Nuestros Servicios Nuestros Servicios. Los drones nos ofrecen nuevas e inexploradas perspectivas, pero no cualquiera puede realizar vuelos con un drone, adem\u00e1s de saber d\u00f3nde se puede y donde no se puede dar uso a un drone, ya que se necesita tener una preparaci\u00f3n espec\u00edfica, para poder manejar un drone, y contar con un seguro [&hellip;]<\/p>\n","protected":false},"author":1,"featured_media":0,"parent":0,"menu_order":0,"comment_status":"closed","ping_status":"closed","template":"","meta":{"_acf_changed":false,"_uag_custom_page_level_css":"","site-sidebar-layout":"no-sidebar","site-content-layout":"","ast-site-content-layout":"normal-width-container","site-content-style":"default","site-sidebar-style":"default","ast-global-header-display":"","ast-banner-title-visibility":"","ast-main-header-display":"","ast-hfb-above-header-display":"","ast-hfb-below-header-display":"","ast-hfb-mobile-header-display":"","site-post-title":"disabled","ast-breadcrumbs-content":"","ast-featured-img":"","footer-sml-layout":"","ast-disable-related-posts":"","theme-transparent-header-meta":"","adv-header-id-meta":"","stick-header-meta":"","header-above-stick-meta":"","header-main-stick-meta":"","header-below-stick-meta":"","astra-migrate-meta-layouts":"set","ast-page-background-enabled":"default","ast-page-background-meta":{"desktop":{"background-color":"var(--ast-global-color-4)","background-image":"","background-repeat":"repeat","background-position":"center center","background-size":"auto","background-attachment":"scroll","background-type":"","background-media":"","overlay-type":"","overlay-color":"","overlay-opacity":"","overlay-gradient":""},"tablet":{"background-color":"","background-image":"","background-repeat":"repeat","background-position":"center center","background-size":"auto","background-attachment":"scroll","background-type":"","background-media":"","overlay-type":"","overlay-color":"","overlay-opacity":"","overlay-gradient":""},"mobile":{"background-color":"","background-image":"","background-repeat":"repeat","background-position":"center center","background-size":"auto","background-attachment":"scroll","background-type":"","background-media":"","overlay-type":"","overlay-color":"","overlay-opacity":"","overlay-gradient":""}},"ast-content-background-meta":{"desktop":{"background-color":"var(--ast-global-color-5)","background-image":"","background-repeat":"repeat","background-position":"center center","background-size":"auto","background-attachment":"scroll","background-type":"","background-media":"","overlay-type":"","overlay-color":"","overlay-opacity":"","overlay-gradient":""},"tablet":{"background-color":"var(--ast-global-color-5)","background-image":"","background-repeat":"repeat","background-position":"center center","background-size":"auto","background-attachment":"scroll","background-type":"","background-media":"","overlay-type":"","overlay-color":"","overlay-opacity":"","overlay-gradient":""},"mobile":{"background-color":"var(--ast-global-color-5)","background-image":"","background-repeat":"repeat","background-position":"center center","background-size":"auto","background-attachment":"scroll","background-type":"","background-media":"","overlay-type":"","overlay-color":"","overlay-opacity":"","overlay-gradient":""}},"footnotes":""},"class_list":["post-9","page","type-page","status-publish","hentry"],"acf":[],"uagb_featured_image_src":{"full":false,"thumbnail":false,"medium":false,"medium_large":false,"large":false,"1536x1536":false,"2048x2048":false,"sunshine-thumbnail":false,"sunshine-large":false,"mailpoet_newsletter_max":false,"woocommerce_thumbnail":false,"woocommerce_single":false,"woocommerce_gallery_thumbnail":false,"variation_swatches_image_size":false,"variation_swatches_tooltip_size":false},"uagb_author_info":{"display_name":"admin","author_link":"https:\/\/aerovistas.es\/index.php\/author\/info_42p8a2vi\/"},"uagb_comment_info":0,"uagb_excerpt":"Nuestros Servicios Nuestros Servicios. Los drones nos ofrecen nuevas e inexploradas perspectivas, pero no cualquiera puede realizar vuelos con un drone, adem\u00e1s de saber d\u00f3nde se puede y donde no se puede dar uso a un drone, ya que se necesita tener una preparaci\u00f3n espec\u00edfica, para poder manejar un drone, y contar con un seguro&hellip;","_links":{"self":[{"href":"https:\/\/aerovistas.es\/index.php\/wp-json\/wp\/v2\/pages\/9","targetHints":{"allow":["GET"]}}],"collection":[{"href":"https:\/\/aerovistas.es\/index.php\/wp-json\/wp\/v2\/pages"}],"about":[{"href":"https:\/\/aerovistas.es\/index.php\/wp-json\/wp\/v2\/types\/page"}],"author":[{"embeddable":true,"href":"https:\/\/aerovistas.es\/index.php\/wp-json\/wp\/v2\/users\/1"}],"replies":[{"embeddable":true,"href":"https:\/\/aerovistas.es\/index.php\/wp-json\/wp\/v2\/comments?post=9"}],"version-history":[{"count":22,"href":"https:\/\/aerovistas.es\/index.php\/wp-json\/wp\/v2\/pages\/9\/revisions"}],"predecessor-version":[{"id":7565,"href":"https:\/\/aerovistas.es\/index.php\/wp-json\/wp\/v2\/pages\/9\/revisions\/7565"}],"wp:attachment":[{"href":"https:\/\/aerovistas.es\/index.php\/wp-json\/wp\/v2\/media?parent=9"}],"curies":[{"name":"wp","href":"https:\/\/api.w.org\/{rel}","templated":true}]}}